is divided by m(f)?
29
Let u(k) = -3*k**3 + k**2 + k. Let r be u(-1). Let z = -250 + 252. Suppose -z = -h, -3*f + 0*f - r*h = -12. What is the remainder when 5 is divided by f?
1
Let c(p) = -p**2 - 10*p - 2. Calculate the remainder when 88 is divided by c(-6).
0
Let q be ((-312)/20*1)/((-2)/15). Suppose 0 = 6*k - 3*k - q. What is the remainder when k is divided by 13?
0
Suppose -23*l + 187 = -89. Calculate the remainder when l is divided by (-2)/(-6)*(19 + 2).
5
Let p = -415 - -452. Calculate the remainder when p is divided by 40/4*6/4.
7
Calculate the remainder when 4560/66 + 1/(-11) is divided by 8.
5
Let c(d) = d - 2. Let f be c(4). Suppose -o = o. Suppose o = -f*r - 10, 4*r - 42 - 30 = -4*y. What is the remainder when 67 is divided by y?
21
Let h = -15 - -102. What is the remainder when h is divided by 15?
12
Let i = 140 + -131. Let u(w) = w**2 - 5*w + 6. Let f be u(4). Suppose 0 = f*t - t - 6. What is the remainder when i is divided by t?
3
Let k = -612 + 806. What is the remainder when k is divided by 65?
64
Let b(l) = l + 62. Let m be b(12). Suppose 11*f = m + 36. Calculate the remainder when 19 is divided by f.
9
Let b = 6 - -25. What is the remainder when -9 - 1188/((-54)/6) is divided by b?
30
Let a = 29 - 18. Suppose -r - 2*b = 4, -b + a = -2*r - 12. Calculate the remainder when ((-552)/20)/(4/r) is divided by 24.
21
Suppose 98 = 5*a - 42. What is the remainder when a is divided by 13?
2
Suppose -5*x + 134 = -281. Calculate the remainder when x is divided by 7.
6
Suppose -4*t = 3*b - 3, 4*b + 4*t = -t + 5. Let r be 38/4*6 + 0. Suppose -3*k + b*f + r = 0, f = -5*k + 3*k + 25. What is the remainder when 55 is divided by k?
13
Let y = -937 + 1170. Calculate the remainder when y is divided by 3.
2
Suppose 3 = a - 3. Let j(t) = t + 41. Let l be 1/(-2)*(-2 + 50). Calculate the remainder when j(l) is divided by a.
5
Let k = 508 - 291. Calculate the remainder when k is divided by 14.
7
Let u = 6 - 1. Suppose u*q = 415 + 460. Let g = -119 + q. What is the remainder when g is divided by 19?
18
Suppose -3*m + 2*k = -110, -4*k - 43 = -m - 3. Calculate the remainder when 54 is divided by ((-33)/(-2)*(-48)/m)/(-2).
10
Suppose 416*b - 419*b = -183. What is the remainder when 119 is divided by b?
58
Let u be 2/8 + 1784/160*5. Let j = -34 + u. What is the remainder when 54 is divided by j?
10
Let j = 4638 + -4591. Let x = 156 + 28. What is the remainder when x is divided by j?
43
Let g = 3 + -1. Calculate the remainder when 82 is divided by (g - (5 + -5))*34/4.
14
Let b(p) = 5*p**2 - 11*p - 41. Calculate the remainder when b(-3) is divided by 31.
6
Let l = -76 + 75. Let u = -4 + 8. Calculate the remainder when 10/((-1 - -2)/(-3) - l) is divided by u.
3
Let p = 1 + 3. Suppose -p*c = -9*c + 160. Let o = c + -23. Calculate the remainder when 25 is divided by o.
7
Let m(d) = d**2 - 5*d + 3. Suppose 4*f - 5*s = -15, -4*s - 2 + 14 = -4*f. Suppose 5*t + t - 30 = f. What is the remainder when 8 is divided by m(t)?
2
Suppose -579*d + 568*d = -1936. What is the remainder when d is divided by 27?
14
Suppose z = -2*r + 26, 37 = 3*r + 3*z - 2*z. Let c(s) = 4*s**2 + 140*s + 161. Calculate the remainder when c(-34) is divided by (0 - -1) + 1 + r.
12
Let g(r) = r**2 + 2*r - 29. Calculate the remainder when 40 is divided by g(7).
6
Suppose 0 = 8*b - 17 - 223. Let s = -42 + 63. Let u = s - 10. What is the remainder when b is divided by u?
8
Let u be (-215)/7 - (-6)/(-21). Suppose 9*l + 161 = -352. Let y = u - l. Calculate the remainder when 102 is divided by y.
24
Suppose -233 = -10*k + 47. Let q(t) = 4*t**2 - t + 1. What is the remainder when k is divided by q(2)?
13
Suppose -w - 76 = -5*w. Suppose 13 = -5*i + 68. Calculate the remainder when w is divided by i.
8
Suppose -12*u + 3537 = 15*u. Calculate the remainder when u is divided by 74.
57
Suppose 38 = -2*v + 4*q, 0*v - 5*v - 117 = q. Let k = -2 - v. Let a = 93 - 10. What is the remainder when a is divided by k?
20
Calculate the remainder when 11 is divided by ((-120)/(-84))/(4/14).
1
Calculate the remainder when 333 is divided by 1 + 0 - (-893)/19.
45
Let g(v) = -92*v**3 + v**2 + v - 4. Let x(f) = -47*f**3 + f - 2. Let z(l) = 2*g(l) - 5*x(l). Calculate the remainder when z(1) is divided by 29.
23
Suppose 0 = -j - 3, 21 = -5*s + 6*s - j. Suppose 0*t + t = 2. Suppose 0 = t*q - q - 51. Calculate the remainder when q is divided by s.
15
Calculate the remainder when 28 is divided by -1 + 2*(-5 - -4) - -12.
1
Suppose 15 = 3*t - 2*s - 1, -4*t + 5*s + 19 = 0. Suppose t*l = 271 - 25. Calculate the remainder when l is divided by 15.
11
Suppose 0 = 2*w - 275 - 213. Suppose -6 - w = -5*x. Calculate the remainder when 149 is divided by x.
49
Let k(u) = 2*u**2 - 2*u - 2. Let b be k(2). Suppose -z - b + 42 = 0. Calculate the remainder when z is divided by 14.
12
Let g = 117 - -30. Suppose -a + 12*a = 41*a - 1110. What is the remainder when g is divided by a?
36
Suppose 2*u - 15 - 7 = 0. Let x(k) = k**3 + 16*k**2 - 19*k - 14. Calculate the remainder when x(-17) is divided by u.
9
Let m = 3 + 9. Suppose 4 = -8*v + m*v. Calculate the remainder when v + 3 + -5 + 10 is divided by 5.
4
Let k = -1197 + 1214. What is the remainder when 166 is divided by k?
13
Let t(g) = 11*g**3 + 10*g**2 + 3*g + 25. Let p(v) = 5*v**3 + 5*v**2 + v + 12. Let w(y) = -9*p(y) + 4*t(y). What is the remainder when w(-6) is divided by 7?
3
Suppose -5*d - 2*a + 155 + 120 = 0, -d + 3*a + 38 = 0. What is the remainder when d is divided by 19?
15
Suppose 2 = 3*m - 10*k + 12*k, m = -5*k + 5. Suppose -1056 = -6*z - m*z. Calculate the remainder when z is divided by 36.
32
Let g = 17 + -10. Let n(i) = 6*i + 16. Calculate the remainder when n(g) is divided by 15.
13
Let h(g) = 29*g - 2. Let o = 5965 + -5941. What is the remainder when h(5) is divided by o?
23
Let i(w) = 11*w**2 - 1. Let h be i(1). Suppose -h = -3*o - 4. Suppose g - 4*f + 16 = 0, 3*g - 3*f + 11 = 2*g. What is the remainder when g is divided by o?
0
Let q(n) = n**2 + 2*n - 3. Let p be q(-3). Let s = p - -8. What is the remainder when 4 + (s/2)/(-4) is divided by 3?
0
Let c(l) = -l. Let g(p) = p**3 - 8*p**2 + 3*p - 9. Let j be g(8). Let t = j - 13. Calculate the remainder when t is divided by c(-1).
0
Let m(l) = -l**2 - 18*l + 22. Let z be m(-19). Suppose -59 + z = -4*d. What is the remainder when 24 is divided by d?
10
Let u(t) = -t**2 + 20*t + 159. Calculate the remainder when 357 is divided by u(23).
87
Let x = -6 - -10. Let r be (-21)/7 + 2*x. Suppose -r*u - 7 = 13, 2 = 5*q + 2*u. What is the remainder when 3 is divided by q?
1
What is the remainder when 95 is divided by (-243)/(-15)*(-30)/(-9)?
41
What is the remainder when 12 - (0 - 4/1) is divided by -6*(-3)/9*3?
4
What is the remainder when 540 - (24/(-30))/((-2)/5) is divided by 12?
10
Let m(n) = n**2 - 5*n - 5. Let h(d) = 2*d + 19. Let g be h(-6). What is the remainder when 24 is divided by m(g)?
6
Let v be 60/(-12)*(-2)/(-5). Let x = -4 - v. Calculate the remainder when ((-267)/6)/(x/4) is divided by 23.
20
Let l be (2 + 3 + -6)*10. Let d = l + 24. Let s(b) = -5*b - 8. Calculate the remainder when s(-7) is divided by d.
13
Let f(l) = -2*l + 25. What is the remainder when 460 is divided by f(-34)?
88
Let q(x) be the first derivative of x**4/4 - 4*x**3 - 7*x**2 + 18*x - 44. Suppose 4*b = b + 21. Calculate the remainder when b is divided by q(13).
2
Let t(p) = -p - 4. Let k be t(6). Let j be (-74)/k + (-22)/55. Let y = j + -1. What is the remainder when y is divided by 2?
0
Let n(h) = -h**3 + 4*h**2 + 3*h + 20. Calculate the remainder when 74 is divided by n(3).
36
Suppose 2*s = 3*y - 11, -8 = y + 3*s - 19. Let h = y + 6. What is the remainder when 20 is divided by h?
9
Let p(n) = -47*n**3 + n + 1. Let l = -321 + 459. Calculate the remainder when l is divided by p(-1).
44
Let y(o) = 5*o - 15. Let t be 11*(-1 + -2)/(-3). Calculate the remainder when 118 is divided by y(t).
38
Let j(z) = z**3 + 17*z**2 + 42*z + 7. Let r = -42 + 66. What is the remainder when r is divided by j(-14)?
3
Suppose 126*a - 106*a - 26980 = 0. What is the remainder when a is divided by 75?
74
Suppose 9*o + 82 - 874 = 0. Suppose 36 = s + 6. Let r = o - s. Calculate the remainder when r is divided by 15.
13
Let r = 5 + 13. Suppose -19*h + 16*h = r. Calculate the remainde